base 12) in base 16?
-3ed0f
What is 820745 (base 9) in base 16?
76aea
What is -73372 (base 9) in base 10?
-48422
-1114134 (base 5) to base 6
-232115
What is 145459 (base 12) in base 3?
122022211220
What is -beec (base 16) in base 10?
-48876
2b6b32 (base 14) to base 8
5622530
-1e5d3 (base 15) to base 12
-494a6
Convert -1011000000100110 (base 2) to base 12.
-2211a
Convert 105075323 (base 8) to base 13.
39a5435
-101311022221 (base 4) to base 2
-10001110101001010101001
202112011 (base 3) to base 13
6a6c
-154510 (base 10) to base 5
-14421020
What is 1100111011000010 (base 2) in base 9?
80541
Convert -35d4b8 (base 14) to base 2.
-111000001101111111010
What is 234520240 (base 6) in base 7?
52426245
10314223211 (base 5) to base 3
202212020012200
Convert 1323402 (base 7) to base 5.
21032344
-8161 (base 12) to base 2
-11011011011001
-1010100000000110100 (base 2) to base 7
-2632153
-125353 (base 8) to base 13
-16bba
What is -20297 (base 11) in base 14?
-ab26
What is -da81c (base 16) in base 14?
-19424c
What is -2b67c (base 15) in base 16?
-22242
Convert -1660156 (base 7) to base 2.
-111000111000011011
Convert -2788a (base 15) to base 14.
-342d7
-434022233 (base 5) to base 7
-21550330
What is -60764 (base 11) in base 8?
-255273
15334030 (base 7) to base 9
2681507
Convert 11221111122 (base 3) to base 8.
276055
Convert -2986 (base 12) to base 4.
-1023312
Convert -7a19b (base 16) to base 2.
-1111010000110011011
-10262744 (base 9) to base 13
-1040872
What is -1131000 (base 7) in base 11?
-97763
2833b (base 15) to base 9
215832
bce2c4 (base 15) to base 9
17850314
What is -231131302 (base 4) in base 13?
-669c1
What is 861043 (base 11) in base 15?
1c32c2
Convert 4026607 (base 8) to base 11.
664627
What is -455310 (base 8) in base 13?
-55312
Convert 24303405 (base 7) to base 10.
2169333
What is -13632a (base 12) in base 16?
-4e952
What is -2617713 (base 10) in base 8?
-11770561
Convert -1340110 (base 7) to base 3.
-100000210121
What is -1356630 (base 7) in base 4?
-230202300
What is -3fd5d (base 16) in base 13?
-92020
What is -1130100202 (base 5) in base 11?
-1503409
Convert -6065306 (base 8) to base 16.
-186ac6
Convert -4660507 (base 8) to base 10.
-1270087
What is 2138468 (base 10) in base 13?
59b487
What is -122305 (base 15) in base 10?
-868055
What is 2154410 (base 6) in base 4?
122200212
What is e7cd9 (base 16) in base 15?
13b4ca
Convert -5441022 (base 6) to base 13.
-95a59
What is -42500 (base 9) in base 2?
-110110111001011
-1078471 (base 9) to base 6
-20301444
1111112211 (base 3) to base 10
29560
What is 520b6 (base 15) in base 9?
435640
What is -43244324 (base 5) in base 2?
-1011010000001001010
Convert -42a1dc (base 16) to base 12.
-1567110
Convert 258237 (base 10) to base 7.
2123610
Convert 200120021121002 (base 3) to base 13.
2075cc6
-51233145 (base 8) to base 15
-e3d195
Convert -140023213 (base 5) to base 2.
-10101100000100101000
Convert -66046016 (base 8) to base 7.
-231326151
What is -a3d90 (base 14) in base 9?
-661832
Convert -10022220 (base 4) to base 7.
-100515
What is 677587 (base 10) in base 11?
423099
1614067 (base 8) to base 5
104334301
Convert 26433a0 (base 12) to base 4.
130310021220
-45b38 (base 16) to base 2
-1000101101100111000
42a23 (base 13) to base 5
12322412
-1125300 (base 9) to base 14
-11b56c
What is 75a96 (base 11) in base 10?
110457
-97a176 (base 12) to base 5
-1103332104
What is -6312 (base 9) in base 14?
-1988
What is -104404323 (base 5) in base 10?
-466213
-10141343 (base 5) to base 6
-1444433
Convert 1100011010111011101000 (base 2) to base 11.
1924347
1110013211 (base 4) to base 8
1240745
Convert 22d32 (base 16) to base 13.
4cc06
Convert -73522 (base 14) to base 8.
-1037212
216339 (base 11) to base 4
1110100232
Convert -1b414 (base 15) to base 8.
-255135
What is -31314456 (base 8) in base 9?
-13467476
What is 9748 (base 16) in base 14?
10184
Convert -10210210020202 (base 3) to base 4.
-13231323311
Convert 14d7685 (base 15) to base 12.
5088bb2
-8148671 (base 9) to base 7
-51626254
Convert 2507229 (base 10) to base 3.
11201101021100
5f4a (base 16) to base 14
8c66
Convert -255440 (base 9) to base 7.
-1213425
What is 67711 (base 12) in base 2?
100001100100111101
11001202020 (base 5) to base 15
106dbaa
Convert -69a1781 (base 11) to base 3.
-212000012222110
Convert 3354555 (base 6) to base 3.
22200100222
-10863 (base 14) to base 2
-1001110010000111
-38066526 (base 9) to base 2
-1000111000111111001111100
Convert 21212001020001 (base 3) to base 10.
4173688
57e35 (base 15) to base 8
1042616
Convert 104033311 (base 5) to base 8.
1571440
-20323412 (base 5) to base 8
-506675
117336 (base 14) to base 5
123033314
Convert -76c01 (base 13) to base 6.
-4340002
What is -3476159 (base 12) in base 13?
-212c385
1100100101000111100 (base 2) to base 7
3334544
What is -68367 (base 11) in base 9?
-160632
-410515 (base 6) to base 7
-164006
155a8a0 (base 12) to base 11
2503006
-111101110100001001110000 (base 2) to base 10
-16204400
What is 302261 (base 9) in base 8?
535206
10120210330 (base 4) to base 3
2011101110121
What is 14826 (base 10) in base 13?
6996
What is 4fe02 (base 16) in base 12?
139402
Convert 5016304 (base 8) to base 11.
820329
Convert -106a08 (base 13) to base 7.
-3165604
What is 259698 (base 12) in base 15?
c311b
What is 1000100100010001110 (base 2) in base 15?
58298
What is 261c83 (base 13) in base 7?
10543133
What is 1444400 (base 5) in base 13?
1129c
Convert -1257a4 (base 11) to base 10.
-197949
4e832 (base 15) to base 16
3d6cd
What is 12027582 (base 9) in base 12?
1b69a0b
Convert 4a6da0 (base 16) to base 13.
101a23b
Convert -426b94 (base 13) to base 14.
-2c782c
Convert -578621 (base 9) to base 6.
-11240501
Convert 67438 (base 16) to base 13.
11a6a0
What is -1101102221 (base 4) in base 6?
-11045305
-2155857 (base 9) to base 4
-10122332221
-15372553 (base 8) to base 12
-1226523
Convert ab7749 (base 12) to base 10.
2729577
Convert -5340201 (base 8) to base 16.
-15c081
1397065 (base 11) to base 12
9765bb
What is -278031 (base 9) in base 14?
-45ca9
What is -122023001002 (base 4) in base 5?
-3224021431
Convert 1013015314 (base 6) to base 4.
220003133332
10100011111000000010 (base 2) to base 15
d3d3e
What is 58250 (base 15) in base 7?
2246136
Convert -157c267 (base 13) to base 5.
-3232104423
101000100101110001001110 (base 2) to base 9
22016865
Convert 33213031300 (base 4) to base 6.
223420024
What is -3985b (base 12) in base 7?
-446162
-411044243 (base 6) to base 7
-113635305
Convert 15352672 (base 8) to base 11.
1a9a804
What is -578b (base 13) in base 4?
-2333323
Convert -260435 (base 7) to base 14.
-1381c
104102014 (base 5) to base 16
6f73d
What is -10833366 (base 9) in base 12?
-1926166
What is 3a7f6 (base 16) in base 11?
154024
Convert 28555 (base 9) to base 10.
19409
What is -10440143 (base 7) in base 4?
-3123311213
What is -1431250 (base 9) in base 3?
-1111001021200
What is -21222011022 (base 3) in base 8?
-462263
Convert -1156088 (base 9) to base 7.
-5223113
What is 598866 (base 12) in base 2?
101100000111111001110
-232513 (base 12) to base 10
-564063
-10110101000000100111 (base 2) to base 14
-1542a3
-1145112 (base 7) to base 2
-100011100110101001
Convert 65d81 (base 14) to base 4.
330101131
Convert 496684 (base 11) to base 4.
2333212021
-34334102 (base 5) to base 6
-10340540
Convert 13103225 (base 8) to base 12.
b88819
What is -285691 (base 10) in base 9?
-474804
What is -113864 (base 10) in base 4?
-123303020
Convert -367077 (base 9) to base 2.
-110110000111110110
Convert 8a457 (base 12) to base 13.
65884
What is -865422 (base 9) in base 6?
-15015415
-1000010110100000100010 (base 2) to base 3
-11010020012220
-166610306 (base 7) to base 13
-2502521
Convert 1100000010001101111 (base 2) to base 9.
660847
Convert 202120331311 (base 4) to base 14.
12a959b
Convert -123311131 (base 4) to base 12.
-55b91
6aaea (base 15) to base 13
bb987
7701631 (base 10) to base 15
a21e71
Convert 2112210220 (base 3) to base 4.
30033303
-310413 (base 8) to base 14
-295b5
-6a939 (base 12) to base 8
-427275
143137 (base 10) to base 11
985a5
4102406 (base 9) to base 4
20111311221
Convert -10111101111110 (base 2) to base 10.
-12158
What is -4053420 (base 6) in base 5?
-22201113
79999 (base 11) to base 13
40852
Convert -20515 (base 10) to base 2.
-10100000